, z = 5*t - 1024. Let u = 619 - 947. Let x be (u/(-6))/(-4)*-1*3. What is the greatest common factor of t and x?
41
Let s be (-8)/44 + 10302/33. Suppose 4*g = -3*o + s, 4*o - 415 = 5*g - 10*g. What is the greatest common divisor of 20 and o?
20
Let a be (0 - 1) + (-2)/(2/(-101)). Suppose 4*t = l - a, 4*t - 60 = -l + 56. What is the greatest common factor of l and 270?
54
Suppose 2*c = 2*m - 703 - 455, -3*c = 9*m - 5199. Calculate the greatest common factor of m and 374.
34
Suppose -3*l - 253 = -2*w, 0 = -145*w + 150*w - 3*l - 619. Calculate the greatest common divisor of 8 and w.
2
Let z = 12 + -12. Suppose 0 = -z*l - 6*l + 2646. Suppose 2*m + 2*a - 100 = 4*a, 0 = m + 2*a - 47. Calculate the highest common divisor of m and l.
49
Let m be 0 + (-3 + 6 - -3). Suppose 2*r - 168 = m*r. Let s be (-3138)/r + (-4)/(-14). Calculate the greatest common factor of 15 and s.
15
Suppose -4*i - 81*f + 12600 = -85*f, 5*f = 2*i - 6288. What is the highest common factor of i and 76?
38
Let a be (-4)/(-18) + (-616)/(-63). Suppose 6 = z + 6. Suppose 3*k = -v + 12, z*v - k = -v + 16. What is the highest common factor of a and v?
5
Let s(b) = -821*b + 3314. Let r be s(4). Calculate the greatest common factor of 1215 and r.
15
Let t(z) = 5*z**2 - 17*z + 179. Let d be t(-11). What is the highest common divisor of d and 1?
1
Let b(z) = z**3 + 5*z**2 - 2*z - 10. Let g be b(-5). Let q be (g + -3)*-50*2/6. Let m = q + -39. Calculate the greatest common divisor of 1 and m.
1
Suppose -3*r - 4*a = -370, r - 6*r + 3*a + 636 = 0. Let y = 138 - r. What is the greatest common divisor of y and 30?
6
Let a be 7106/30 - (16/60)/(-2). Suppose -195 = -8*g + a. Suppose -5*b - 5*l + 64 = -71, 2*l + 135 = 5*b. What is the highest common factor of g and b?
27
Let t(k) = -132*k + 2196. Let o be t(12). What is the highest common factor of 153 and o?
153
Suppose 228*n - 78833 = 4159. Let x = 203 + -47. What is the highest common divisor of x and n?
52
Let a = 134 - 5. Let v = a + -114. Let q = 91 + -46. Calculate the highest common divisor of q and v.
15
Suppose 2*t - 27 = -3*q, -69 = -4*t - 6*q + 3*q. Let j(f) = 72 - 124 + 63 + 4*f. Let r be j(13). Calculate the highest common factor of t and r.
21
Let h(m) = -2*m + 31. Let x be h(8). Suppose 0 = -4*f + 4*j + 948, 8*f = 5*f + 4*j + 708. What is the highest common factor of f and x?
15
Let o(f) = 340*f**2 - 3739*f - 1. Let x be o(11). Calculate the greatest common divisor of x and 52.
2
Let x = 174 - 134. Let g be (64/x)/((-14)/(-1225)). Calculate the highest common factor of g and 350.
70
Let s(x) = -x**2 - 69*x + 1186. Let n be s(-82). What is the highest common factor of n and 3580?
20
Suppose -2*m - 1218 = 4*k, -4*m - 3*k - 2306 = 120. Let v be (-4)/14 - (m/35 + -4). What is the highest common divisor of v and 7?
7
Let a = 439 + -488. Let i = a + 159. Suppose 2*d = 4*u + 24, 0 = d + 3*u - u - 8. What is the greatest common factor of i and d?
10
Suppose -4*y - f + 0*f = -124, -3*y = -3*f - 108. Let k be 406/(-29) + -11 - -33. Calculate the greatest common factor of k and y.
8
Suppose 148 = -5*r + 188, -58 = -3*a - 2*r. Calculate the highest common divisor of 5523 and a.
7
Suppose -5*x - 4*s - 6968 = -20944, -5*x + 13988 = 2*s. Calculate the greatest common factor of 24 and x.
8
Let n(c) = 13*c**3 + c**2 + 61*c - 61. Let k be n(1). What is the greatest common divisor of k and 2604?
14
Let g be -3 - (-532 - (0 - 1)). Let u = g - 282. What is the greatest common divisor of u and 6?
6
Suppose -2*v - 28*i = -23*i - 414, 4*v = -3*i + 786. Suppose -2*a = 3*y - a - 388, 4*y + 3*a - 524 = 0. What is the greatest common divisor of v and y?
64
Let i be ((-1 - 14) + 3)/(-2). What is the greatest common divisor of 2586 and i?
6
Suppose -10*u + 7*u = -819. Suppose -4*o - 3*b = -93, 5*o - 117 = -2*b - 2*b. Calculate the highest common divisor of u and o.
21
Suppose 0 = 4*j - c - 399, -6*j + 5*c + 70 + 525 = 0. Suppose 21*w = 131 + j. Calculate the highest common factor of w and 1199.
11
Suppose 4*q = -3*h + 83, 145 = 5*h - 78*q + 83*q. Let c be 21/(-4)*(-2 + -2). Calculate the greatest common factor of c and h.
3
Let r = 30 - -35. Let d = r + -67. Let v(o) = 4*o**2 + 4*o + 5. Let u be v(d). What is the greatest common divisor of 13 and u?
13
Let s = -5596 - -5874. What is the highest common factor of s and 8479?
139
Let r(x) = 7*x**2 - x. Let j be r(1). Let f be (-8 - (-341)/44)*(0 - 33*-2)*-2. Calculate the greatest common factor of j and f.
3
Let h be (-3)/(30/(-194)) + -33*24/(-1320). What is the greatest common factor of h and 2710?
10
Suppose -3*p - 15 = 0, -f + 4*p = -12792 - 4457. Suppose 0 = -23*w + 5955 + f. What is the greatest common divisor of w and 63?
63
Let q = 14884 - 14881. What is the highest common factor of q and 831?
3
Suppose 2*l - 104 = l. Suppose 31*s - 7*s = 14*s. Suppose -3*k + s*y + 80 = -2*y, 5*y + 5 = 0. Calculate the greatest common factor of k and l.
26
Let a be 3/(-6) - (-5)/2. Let t = 757 - 754. Let m(q) = 5*q**2 - 7*q + 4. Let d be m(t). What is the greatest common divisor of d and a?
2
Let j be ((-2)/(-6))/((-46)/(-828)). Suppose 363 + 6927 = j*s. What is the greatest common factor of s and 45?
45
Let r(o) be the third derivative of o**5/6 + 11*o**3/3 + 142*o**2. Let v be r(-3). What is the greatest common factor of v and 32?
16
Let x(z) = 51*z + 7. Let t(g) = 49*g + 6. Let w(i) = -7*t(i) + 6*x(i). Let y = -9 + 8. Let j be w(y). What is the highest common divisor of j and 185?
37
Let c(x) = -40*x**3 - 10*x**2 + 12*x + 67. Let n be c(-5). What is the greatest common divisor of 67 and n?
67
Let z = -20 + 23. Let n be ((-5)/(-5) - z) + 44. What is the greatest common factor of n and 28?
14
Suppose -2*k - 60*p + 61*p + 259 = 0, -p = -5*k + 649. Calculate the highest common divisor of k and 645.
5
Suppose -102*k = -1377 + 255. Calculate the greatest common divisor of 32263 and k.
11
Let u be (5115/(-15))/((4 + -1)/3). Let v = -274 - u. What is the greatest common factor of v and 536?
67
Suppose k + 2*k = -3*g - 21, -5*g + 5 = 0. Let h be (12/16)/(k/(-576)). What is the greatest common factor of h and 27?
27
Suppose -4*h + p + 65 = 0, h + 2*h - 4*p - 52 = 0. Let b = h + 1. Let z = 6721 - 6568. What is the greatest common factor of b and z?
17
Let s be 63/(32/(-224) + 122/560). Calculate the highest common divisor of 1320 and s.
120
Let o be 5/((-20)/24) + 223. Let m = -197 + o. Calculate the highest common factor of m and 260.
20
Let o(c) = -79*c + 2801. Let m be o(35). Calculate the highest common divisor of m and 126.
18
Suppose 124184 = -28*k + 66*k. Calculate the highest common divisor of 76 and k.
76
Let j = 413 - 393. Suppose 2*x - 3*w = 62, j*w = 23*w. Calculate the greatest common factor of x and 31.
31
Let z be (-3)/(-9) - 178/(-6). Suppose 0 = 83*j - 2640 - 39690. What is the greatest common factor of z and j?
30
Let p be 1 + (-1 - -1) + -731. Let r = -433 - p. Let m be ((-68)/5)/((-12)/30) - 1. What is the greatest common divisor of r and m?
33
Suppose 16*l - 48 = 20*l. Let m = 58 - l. What is the greatest common divisor of 14 and m?
14
Let n(h) = -h**2 - 51*h - 431. Let i be n(-12). What is the greatest common factor of 4181 and i?
37
Suppose 31556 = 3*j - 2*d, 3*j - 5*d = 1443 + 30107. What is the greatest common divisor of 40 and j?
40
Let v(n) = -50*n - 108. Let a(i) = -i**3 + 4*i**2 + 13*i - 10. Let y be a(6). Let c be v(y). What is the highest common factor of 1472 and c?
92
Let s(i) = 55*i + 238. Let r be s(-15). Let q = r + 874. Calculate the greatest common divisor of q and 7.
7
Suppose -2*s + 207 = 3*u, 2*s - 58 + 320 = 4*u. Let w = -19 + u. Let c be (-506)/(-33) - (-2)/3. What is the highest common divisor of c and w?
16
Suppose 4*u - 2*m - 6830 = 0, 0*m - 1695 = -u - 2*m. What is the greatest common factor of u and 55?
55
Suppose -4*y + 860 = 5*n, -2*n - 2*n = 4*y - 692. Let c be ((-5)/(100/784))/((-6)/15). Let w = 119 - c. What is the greatest common factor of n and w?
21
Let o(g) = -865*g**3 - 2*g**2 - g. Let n be o(-1). Let p = -145609 - -145636. Calculate the highest common divisor of n and p.
27
Let v(t) = -21*t + 3. Let w be v(-1). Suppose -74 = -3*m - 4*u + 46, 0 = 3*m + 2*u - 120. What is the greatest common factor of w and m?
8
Suppose -6645 = 2*q - 20*q - 2559. What is the highest comm